
364
What is -43 (base 10) in base 13?
-34
What is 1110 (base 2) in base 16?
e
Convert -193 (base 12) to base 2.
-11111111
-2 (base 10) to base 5
-2
What is 5 (base 9) in base 11?
5
What is 134 (base 6) in base 2?
111010
What is 22 (base 8) in base 16?
12
What is -1023 (base 4) in base 9?
-83
Convert -122 (base 11) to base 10.
-145
-1111 (base 2) to base 14
-11
-2b (base 13) to base 3
-1101
What is 422 (base 6) in base 8?
236
What is -3 (base 8) in base 2?
-11
Convert 157 (base 8) to base 10.
111
9 (base 15) to base 3
100
Convert -3 (base 12) to base 15.
-3
1100110 (base 2) to base 9
123
-2 (base 6) to base 8
-2
32 (base 8) to base 6
42
Convert -10 (base 15) to base 7.
-21
What is 119 (base 10) in base 14?
87
What is -136 (base 10) in base 12?
-b4
2c (base 16) to base 8
54
Convert -2000 (base 3) to base 6.
-130
-6a (base 11) to base 9
-84
Convert 12 (base 16) to base 4.
102
What is 0 (base 10) in base 7?
0
11110 (base 2) to base 4
132
What is 224 (base 10) in base 13?
143
Convert 2 (base 8) to base 4.
2
Convert -20011 (base 3) to base 16.
-a6
What is -11a (base 12) in base 16?
-a6
513 (base 6) to base 3
21000
What is 26 (base 8) in base 14?
18
7 (base 8) to base 2
111
157 (base 8) to base 11
a1
Convert 7 (base 13) to base 6.
11
2 (base 9) to base 2
10
What is -276 (base 8) in base 2?
-10111110
Convert 16 (base 11) to base 6.
25
Convert 22 (base 6) to base 15.
e
Convert -34 (base 10) to base 11.
-31
Convert 4 (base 14) to base 13.
4
Convert 0 (base 11) to base 7.
0
Convert 176 (base 11) to base 6.
540
1 (base 4) to base 9
1
Convert -1 (base 6) to base 7.
-1
Convert -102 (base 3) to base 7.
-14
What is 1100 (base 2) in base 12?
10
-1 (base 6) to base 16
-1
What is 2 (base 11) in base 9?
2
What is 3 (base 12) in base 14?
3
Convert 22 (base 5) to base 15.
c
What is -4 (base 11) in base 14?
-4
Convert 3011 (base 4) to base 11.
16a
Convert -10111 (base 2) to base 6.
-35
Convert 1e (base 16) to base 7.
42
2101 (base 3) to base 10
64
Convert 21 (base 11) to base 10.
23
What is 111111 (base 2) in base 10?
63
-21 (base 14) to base 11
-27
What is -23 (base 6) in base 8?
-17
Convert -5 (base 9) to base 6.
-5
What is 21 (base 5) in base 12?
b
What is 12110 (base 3) in base 16?
93
Convert 11 (base 2) to base 9.
3
Convert 4 (base 13) to base 12.
4
What is -3 (base 11) in base 4?
-3
1b (base 12) to base 4
113
What is 136 (base 8) in base 14?
6a
What is 13 (base 4) in base 14?
7
What is -22022 (base 3) in base 9?
-268
Convert 111 (base 7) to base 4.
321
3 (base 13) to base 6
3
What is -2 (base 15) in base 6?
-2
What is -11 (base 4) in base 5?
-10
Convert 4 (base 15) to base 9.
4
-10 (base 3) to base 16
-3
What is 17 (base 9) in base 7?
22
What is 8 (base 10) in base 13?
8
What is -34 (base 6) in base 3?
-211
Convert 302 (base 4) to base 16.
32
What is 2 (base 9) in base 4?
2
-9 (base 12) to base 5
-14
Convert 8 (base 13) to base 3.
22
Convert -1 (base 8) to base 4.
-1
Convert -7 (base 15) to base 10.
-7
What is -d0 (base 16) in base 8?
-320
What is -3 (base 16) in base 15?
-3
Convert 12 (base 3) to base 13.
5
52 (base 11) to base 9
63
What is -a3 (base 11) in base 7?
-221
-5 (base 14) to base 10
-5
Convert -1424 (base 5) to base 14.
-131
b (base 14) to base 16
b
1243 (base 6) to base 12
223
Convert 2 (base 4) to base 7.
2
6 (base 7) to base 8
6
-6 (base 9) to base 10
-6
Convert -31 (base 8) to base 12.
-21
38 (base 16) to base 14
40
-2333 (base 5) to base 11
-292
Convert -4 (base 16) to base 13.
-4
-4 (base 14) to base 13
-4
-12002 (base 3) to base 4
-2021
Convert -8 (base 9) to base 2.
-1000
What is -2 (base 7) in base 16?
-2
12 (base 11) to base 8
15
What is -14 (base 11) in base 9?
-16
-9 (base 15) to base 6
-13
Convert 6a (base 15) to base 6.
244
Convert -2 (base 11) to base 7.
-2
What is -2011 (base 4) in base 14?
-97
Convert 4 (base 12) to base 9.
4
Convert -170 (base 8) to base 14.
-88
What is 421 (base 5) in base 9?
133
Convert 0 (base 5) to base 8.
0
Convert 2 (base 13) to base 15.
2
What is -14 (base 13) in base 4?
-101
What is 11 (base 3) in base 4?
10
Convert -6a (base 11) to base 6.
-204
-4 (base 7) to base 2
-100
-354 (base 8) to base 13
-152
-4 (base 10) to base 5
-4
Convert -2001 (base 3) to base 11.
-50
Convert 6 (base 11) to base 9.
6
What is 5 (base 7) in base 14?
5
Convert 4 (base 10) to base 3.
11
What is 19 (base 10) in base 9?
21
Convert 1 (base 6) to base 15.
1
What is -135 (base 7) in base 10?
-75
Convert 1 (base 5) to base 12.
1
3 (base 14) to base 9
3
-100 (base 8) to base 15
-44
What is -10110 (base 2) in base 14?
-18
What is -5 (base 7) in base 9?
-5
3 (base 8) to base 7
3
Convert 0 (base 14) to base 9.
0
What is 110 (base 2) in base 6?
10
Convert -2 (base 7) to base 12.
-2
2 (base 9) to base 2
10
-93 (base 15) to base 10
-138
Convert -501 (base 6) to base 2.
-10110101
a (base 11) to base 6
14
Convert -48 (base 9) to base 8.
-54
2 (base 6) to base 14
2
What is -2 (base 15) in base 2?
-10
Convert -294 (base 10) to base 15.
-149
-159 (base 14) to base 12
-1ab
What is -35 (base 6) in base 16?
-17
What is 5 (base 6) in base 12?
5
Convert -243 (base 5) to base 13.
-58
26 (base 12) to base 8
36
-1 (base 10) to base 2
-1
What is -9c (base 14) in base 10?
-138
10 (base 4) to base 13
4
Convert -2 (base 13) to base 16.
-2
What is -12 (base 14) in base 11?
-15
What is -51 (base 11) in base 2?
-111000
What is 2132 (base 4) in base 13?
c2
-4 (base 15) to base 9
-4
What is 2 (base 8) in base 15?
2
Convert 7 (base 15) to base 5.
12
-98 (base 16) to base 6
-412
24 (base 11) to base 4
122
What is 75 (base 13) in base 5?
341
-9 (base 15) to base 13
-9
-9 (base 12) to base 9
-10
-1 (base 7) to base 13
-1
28 (base 9) to base 15
1b
Convert -1 (base 11) to base 2.
-1
What is 1 (base 13) in base 3?
1
Convert -175 (base 8) to base 13.
-98
Convert -24 (base 8) to base 9.
-22
Convert -12 (base 12) to base 5.
-24
Convert -6 (base 12) to base 11.
-6
-8 (base 10) to base 9
-8
Convert -13 (base 9) to base 8.
-14
Convert 1 (base 9) to base 11.
1
What is -41 (base 5) in base 15?
-16
Convert -223 (base 5) to base 13.
-4b
Convert -16 (base 15) to base 6.
-33
What is -30 (base 10) in base 14?
-22
What is 6 (base 15) in base 10?
6
What is -5 (base 8) in base 11?
-5
5 (base 6) to base 12
5
-345 (base 7) to base 3
-20200
0 (base 3) to base 13
0
What is 1101 (base 7) in base 10?
393
Convert -4 (base 7) to base 11.
-4
What is -22 (base 3) in base 8?
-10
-2 (base 13) to base 11
-2
-104 (base 6) to base 12
-34
What is 36 (base 7) in base 2?
11011
-1d3 (base 14) to base 2
-101111101
Convert 6 (base 7) to base 12.
6
Convert 364 (base 9) to base 11.
254
What is 10 (base 13) in base 2?
1101
Convert -50 (base 10) to base 8.
-62
-1 (base 7) to base 13
-1
Convert -58 (base 9) to base 11.
-49
Convert -112 (base 4) to base 5.
-42
What is 2 (base 15) in base 10?
2
3 (base 12) to base 5
3
-18 (base 10) to base 5
-33
What is -3022 (base 4) in base 8?
-312
Convert 11 (base 14) to base 5.
30
5 (base 11) to base 9
5
-3 (base 16) to base 13
-3
Convert -1000010 (base 2) to base 5.
-231
Convert -537 (base 9) to base 6.
-2011
Convert 9 (base 16) to base 10.
9
What is -32 (base 11) in base 4?
-203
Convert -1130 (base 4) to base 9.
-112
3022 (base 4) to base 8
312
What is -10200 (base 3) in base 11?
-90
What is 0 (base 15) in base 13?
0
Convert 232 (base 5) to base 16.
43
Convert -21 (base 4) to base 7.
-12
-101 (base 3) to base 8
-12
Convert -1 (base 13) to base 2.
-1
-3 (base 8) to base 11
-3
Convert -3101 (base 4) to base 13.
-131
What is -8 (base 10) in base 2?
-1000
Convert -142 (base 8) to base 2.
-1100010
3 (base 7) to base 12
3
What is 5 (base 8) in base 7?
5
-4 (base 12) to base 16
-4
-10 (base 4) to base 7
-4
What is 19 (base 13) in base 10?
22
Convert -3 (base 9) to base 3.
-10
2 (base 12) to base 14
2
What is 4 (base 9) in base 13?
4
Convert 1 (base 13) to base 15.
1
Convert a9 (base 14) to base 12.
105
What is -4 (base 9) in base 4?
-10
What is 12 (base 3) in base 13?
5
2 (base 10) to base 15
2
Convert -1 (base 7) to base 11.
-1
Convert 30 (base 6) to base 15.
13
What is 101101000 (base 2) in base 4?
11220
Convert 24 (base 12) to base 14.
20
Convert -37 (base 11) to base 8.
-50
Convert 44 (base 6) to base 3.
1001
What is 8 (base 15) in base 5?
13
What is 7 (base 14) in base 7